8
In base 12, what is 3192 - -15?
31a7
In base 13, what is -6 - 1051c?
-10525
In base 16, what is -36 + -84f?
-885
In base 16, what is 0 - eb61?
-eb61
In base 7, what is -33602 - 5?
-33610
In base 6, what is -20022 + -122?
-20144
In base 6, what is -3335551 + 4?
-3335543
In base 9, what is -5 - -44204?
44188
In base 2, what is 11 - -1101000110010?
1101000110101
In base 11, what is -7770a76 - 3?
-7770a79
In base 3, what is -1000010 + 111221?
-111012
In base 7, what is -21056 + 24?
-21032
In base 4, what is 20 + 1130223?
1130303
In base 6, what is -43105 - -4001?
-35104
In base 6, what is 2514 - 1435?
1035
In base 8, what is -170 - 7?
-177
In base 5, what is -111030 + -20?
-111100
In base 16, what is -494 - 2c?
-4c0
In base 5, what is 13242401 + 2?
13242403
In base 7, what is 110 - 1330?
-1220
In base 5, what is 1001 + 34433?
40434
In base 2, what is -1010010100100111111 + 1001?
-1010010100100110110
In base 9, what is -3 + -128102?
-128105
In base 2, what is 11 + 11100001111111?
11100010000010
In base 6, what is 244 - -121533?
122221
In base 7, what is 1421 + -302?
1116
In base 2, what is -11111110 - 1001000101010?
-1001100101000
In base 6, what is -5 - -200403?
200354
In base 6, what is -1002 + -1311?
-2313
In base 2, what is 10101010 - 100001110001?
-11111000111
In base 9, what is 5 + 128525?
128531
In base 11, what is 5 - 7256a?
-72565
In base 4, what is -2020 - 203133?
-211213
In base 10, what is -19866 + 95?
-19771
In base 2, what is -100101100011011 + 11?
-100101100011000
In base 15, what is -1 + 26d7?
26d6
In base 9, what is -231 + -78?
-320
In base 15, what is 55 + -d9?
-84
In base 8, what is 35 + 71302?
71337
In base 5, what is -101 - 4202014?
-4202120
In base 2, what is -101000010100101 - 0?
-101000010100101
In base 14, what is 6a24 - 83?
6981
In base 7, what is 64032 + 635?
65000
In base 14, what is -5b741 + 0?
-5b741
In base 14, what is 1730b2 + -5?
1730ab
In base 16, what is 5ec - -3?
5ef
In base 12, what is 5b205 + 3?
5b208
In base 16, what is -2d1e - 2?
-2d20
In base 7, what is -43243613 + -2?
-43243615
In base 7, what is -115 + -60?
-205
In base 16, what is 3 + 8dc4?
8dc7
In base 7, what is 316 - -1142?
1461
In base 8, what is 1 - -15120?
15121
In base 9, what is -1786558 + 3?
-1786555
In base 11, what is -6828 - 4?
-6831
In base 12, what is -101a + 1b?
-bbb
In base 7, what is -53131 - -2?
-53126
In base 13, what is -3 - -c7704?
c7701
In base 11, what is -3 - 983?
-986
In base 6, what is 4330434 - 0?
4330434
In base 2, what is 111001 - 11000111100111010?
-11000111100000001
In base 12, what is -24a12 + -15?
-24a27
In base 3, what is 101220 - 11210?
20010
In base 8, what is -24 + -6113?
-6137
In base 10, what is 40630 + -2?
40628
In base 7, what is 553 + 10650?
11533
In base 13, what is 3a + 809?
846
In base 14, what is -d098 - 2?
-d09a
In base 15, what is -1dc - 12?
-1ee
In base 9, what is -11223 - -111?
-11112
In base 13, what is 309 - -138?
444
In base 12, what is 272 + -37?
237
In base 13, what is 1b1 - a28?
-847
In base 10, what is -7041 + 0?
-7041
In base 13, what is -2 + 1480?
147b
In base 2, what is 11101100 + 10000011?
101101111
In base 13, what is -2c2b0 - -c?
-2c2a1
In base 12, what is 22834 + 14?
22848
In base 14, what is 4706 + -4?
4702
In base 2, what is -1110001111011110 - 1?
-1110001111011111
In base 2, what is 0 + -100100100001010?
-100100100001010
In base 5, what is 23 - -42002?
42030
In base 15, what is a0 - -b33?
bd3
In base 2, what is -1101111 + 1110000?
1
In base 16, what is 3 - 1520d?
-1520a
In base 9, what is 5 + -1043453?
-1043447
In base 3, what is -121 - 10100020?
-10100211
In base 14, what is 210 - -7b?
28b
In base 12, what is -62b + 13?
-618
In base 15, what is 99 + -e50?
-da6
In base 15, what is 0 - -8605?
8605
In base 7, what is 6554 + -115?
6436
In base 11, what is -258084 - 0?
-258084
In base 14, what is 4 - -4783?
4787
In base 2, what is -100110001110111 + -10011?
-100110010001010
In base 6, what is -10030513 - 1?
-10030514
In base 15, what is 34 - a6a?
-a36
In base 9, what is 3214 - 20?
3184
In base 11, what is -1a1647 + 0?
-1a1647
In base 7, what is 0 + -3232636?
-3232636
In base 10, what is 1 - 22314?
-22313
In base 5, what is 12020 - -30?
12100
In base 11, what is 2 - -89525a?
895261
In base 2, what is -110001101 - -11000100?
-11001001
In base 16, what is -11c8 - -5f?
-1169
In base 13, what is -1502 - -27?
-14a8
In base 8, what is 176557 + -5?
176552
In base 7, what is -2140 - -53?
-2054
In base 12, what is -3a2 - 30?
-412
In base 15, what is 641 - -19?
65a
In base 7, what is 0 - -5513103?
5513103
In base 9, what is -110 - 321?
-431
In base 12, what is 4a9 - 415?
94
In base 5, what is -2 - -212411?
212404
In base 9, what is -11 + -4234?
-4245
In base 12, what is 30 - -9987?
99b7
In base 6, what is 4302 + 2213?
10515
In base 7, what is 2 - -1635526?
1635531
In base 10, what is -396 - -1123?
727
In base 2, what is 1100010101110101 + -110110?
1100010100111111
In base 6, what is -132334 - -10?
-132324
In base 8, what is 262713 - 5?
262706
In base 12, what is -22669b - 0?
-22669b
In base 8, what is 55 - 543?
-466
In base 3, what is 2010010 - 121?
2002112
In base 3, what is 10101110002110 + -12?
10101110002021
In base 16, what is 1 + -11ea?
-11e9
In base 14, what is 3ad8 + -2d?
3aa9
In base 2, what is -110000000111000111 - 1111?
-110000000111010110
In base 9, what is 1 - -47228?
47230
In base 12, what is 41485 - -41?
41506
In base 12, what is 4230 + 1?
4231
In base 7, what is -3 + 4531411?
4531405
In base 11, what is 121a6a - -1?
121a70
In base 6, what is -23102 - -25?
-23033
In base 11, what is -3 - -49a41?
49a39
In base 4, what is -33 - 30102202?
-30102301
In base 3, what is -12 - -211112100021?
211112100002
In base 7, what is -136 - 5166?
-5335
In base 6, what is 105104 + -5?
105055
In base 13, what is 14 - -7a5?
7b9
In base 12, what is -91b + -60?
-97b
In base 6, what is 25 + 2420?
2445
In base 16, what is -12188 - 1?
-12189
In base 7, what is -45 + 111216?
111141
In base 6, what is -121211 + 2?
-121205
In base 16, what is 14 - -67f?
693
In base 14, what is 3 + 2b7d?
2b82
In base 4, what is -103122 - -1310021?
1200233
In base 6, what is 12 - 1240?
-1224
In base 7, what is -446 + -5342?
-6121
In base 16, what is -2 - 1ae5?
-1ae7
In base 8, what is -4 - 200540?
-200544
In base 10, what is -26798 + -29?
-26827
In base 12, what is -45 + -3a?
-83
In base 3, what is -1 - -1001002212021?
1001002212020
In base 6, what is -12 + -1111502?
-1111514
In base 8, what is 3 + -632?
-627
In base 8, what is 521377 + -4?
521373
In base 9, what is 15875 + -5?
15870
In base 11, what is 66640 + -2?
66639
In base 8, what is 714 - 3363?
-2447
In base 6, what is 1015 - 113505?
-112450
In base 16, what is 4 + 1a67?
1a6b
In base 12, what is 151 - 43?
10a
In base 6, what is -13301223 + -14?
-13301241
In base 12, what is -27 - -94?
69
In base 8, what is 43637 - 0?
43637
In base 15, what is -14 - -4ae?
49a
In base 4, what is -100101232 - -2?
-100101230
In base 9, what is -23 + 8845?
8822
In base 9, what is -615 - -73?
-532
In base 2, what is -11111000 + -11100001?
-111011001
In base 10, what is -128 + -28?
-156
In base 2, what is 101 - 101011110000?
-101011101011
In base 6, what is 103 + -5033?
-4530
In base 10, what is 27 + -1252?
-1225
In base 2, what is 101010111000110001 - -1101?
101010111000111110
In base 12, what is 1a + -238?
-21a
In base 15, what is 73302 - 2?
73300
In base 3, what is 2002 - -111112?
120121
In base 15, what is ba138 + 1?
ba139
In base 15, what is 9eb39 - -8?
9eb42
In base 3, what is 11 - -122012020222?
122012021010
In base 12, what is 1 - -4a8a?
4a8b
In base 11, what is 5 - 3a352?
-3a348
In base 16, what is -abc - -2c1?
-7fb
In base 6, what is -2 - -2045451?
2045445
In base 3, what is -1010122 - -12000?
-221122
In base 13, what is -67c + -7?
-686
In base 15, what is -129 + 80?
-99
In base 2, what is -10110000000010010 + 1?
-10110000000010001
In base 6, what is 42114 - -31?
42145
In base 7, what is 3032511 - 13?
3032465
In base 13, what is 129b23 + 5?
129b28
In base 6, what is 5 + 3054402?
3054411
In base 6, what is 33000422 - 5?
33000413
In base 3, what is 2122222112 + -11?
2122222101
In base 11, what is -2a424 + 1?
-2a423
In base 8, what is 222655 + -14?
222641
In base 4, what is -12200110103 + 